a**2 + 2*a + 1. Give g(j).
4
Let y(g) = 1. Let o(l) = 5*l. Let p(f) = o(f) - 3*y(f). Suppose -c + 0 = -2. Determine p(c).
7
Let d = 47 - 54. Let i(s) = 9*s**3 - 17*s**2 - 19*s + 1. Let q(y) = -5*y**3 + 9*y**2 + 10*y. Let v(m) = d*q(m) - 4*i(m). Calculate v(6).
-4
Let i(o) = -9*o - 2. Let c(j) = j + 1. Let u(x) = 4*c(x) + i(x). Suppose -l = -t + 4*l + 17, -2*t - 8 = 4*l. Calculate u(t).
-8
Let g(n) = 7*n**3 + 13*n**2 + 6*n - 1. Let k(i) = i**3 + i**2 + i + 1. Let x = 23 - 29. Let o(p) = x*k(p) + g(p). What is o(-7)?
-7
Let z(i) = -7*i**3 - 7*i**2 - 5*i. Let v(n) = n**2 + n. Let t(c) = 6*v(c) + z(c). Let j be -1*35 + 1 + 9/(-3). Let g = j - -38. Determine t(g).
-7
Let x(r) be the third derivative of -1/12*r**4 + 0 + 19*r**2 + 0*r + 0*r**5 - 1/6*r**3 + 1/24*r**6. What is x(-1)?
-4
Let r(d) = -d + 2 + 5 - 7 - 5. Determine r(-4).
-1
Let o(v) = -v**3 + 2*v**2 + 1. Let q(w) = -w**2 + 0*w + 3*w + 3 - 2*w. Let u be q(0). Suppose 7*h = 8*h - u. Give o(h).
-8
Let m(j) = -j**3 - 8*j**2 - 9*j - 8. Let l = -29 - -10. Let q = -16 - l. Suppose 4 = -3*o - 5*p - 7, -q*o + 3*p = 27. What is m(o)?
6
Let d(p) be the second derivative of p**4/12 + 7*p**3/6 + 9*p**2 - 287*p. Determine d(-4).
6
Let a(w) = -w**2 - 9*w - 8. Suppose -5*t = g - 30, -3*g - 3*t + 2*t + 20 = 0. Suppose 4*x - g*x = 7. Give a(x).
6
Let z(w) = w**3 - 5*w**2 - 6*w - 4. Let k be (1/1 - -6)*(-42)/(-49). Calculate z(k).
-4
Let n(c) = -c**3 + 6*c**2 - 3*c + 4. Let p = 226 - 220. Give n(p).
-14
Let t(c) be the second derivative of -2/3*c**3 + 0 + 1/2*c**2 + 16*c. Let d be (-1 + 0)/((-2)/4). Give t(d).
-7
Let p(k) = -k**3 - 20. Let i(o) be the first derivative of o**3/3 - 3*o**2/2 - 10*o + 21. Let m be i(5). Calculate p(m).
-20
Suppose 3*h = -f - 0*h - 19, 5*f + 5*h = -115. Let z = f + 29. Suppose z = -o - o. Let a(j) = j**3 + 2*j**2 + j - 1. What is a(o)?
-3
Let y = -17 - -19. Suppose y*k + 4*n = -18, -n - 9 = 2*n. Let m(a) = 4*a + a**2 - 4 - 4*a + 2*a. Calculate m(k).
-1
Let o(g) be the third derivative of g**6/120 + g**5/10 + g**4/8 - g**3 - 501*g**2. Give o(-5).
4
Let c = -1613 - -1607. Let s(u) = u**3 + 5*u**2 - 8*u - 7. What is s(c)?
5
Let g(r) be the second derivative of 2*r**3 - 5849*r. Let p(k) = k**3 - 4*k**2 - 5*k + 1. Let x be p(5). Give g(x).
12
Let m = 6488 - 6497. Let x(h) = h + 3. Let k(n) = -5*n - 12. Let y(o) = 2*k(o) + 9*x(o). Calculate y(m).
12
Suppose 20*z = 16*z + 16. Let r(y) = 10*y**3 - 3*y**2 + 4*y. Let f(b) = -11*b**3 + 4*b**2 - 5*b. Let c(w) = z*r(w) + 3*f(w). Calculate c(1).
8
Let v = 933 - 936. Let y(x) = x**2 - 4*x - 2. What is y(v)?
19
Let a(s) = s**2 - 8*s - 1. Let y(u) = 2*u**2 + 15*u - 57. Let m be y(3). What is a(m)?
-13
Let q(l) = -4 - 14 + 4*l - 13 + 32 - 3*l. Let g be (3 - 2)*8 + -2. Suppose 5*s = -2*x + 22, -x + 3*x + s - g = 0. Determine q(x).
2
Let j be (-344)/(-58) - 50/(-725). Let v(h) = -h - 7. Let y(t) = -1. Let k(w) = -v(w) + 3*y(w). What is k(j)?
10
Let m be (12 + -9)*(-2 - 0). Let g(r) = -5*r**2 + 4*r**2 + r**3 - 3*r + 9*r**2 - 2*r**2 - 9. What is g(m)?
9
Let m(y) = y**2 - 7*y + 9. Let b be m(6). Let f(w) = -4*w**2 + 4*w**b - w**3 - 2*w**3. Suppose -25 = -5*s + 2*a, s - 4*a = 4*s + 11. Give f(s).
-9
Suppose -n - 1 = -2*k - 0, 2*k + 2*n - 16 = 0. Let f(s) = s - 11. Let h(a) = -9. Let q(o) = -3*f(o) + 4*h(o). Calculate q(k).
-12
Let z(h) be the third derivative of -h**6/120 + h**5/60 - h**4/24 + 4*h**3/3 - 9*h**2. Let v(c) = -c + 10. Let m be v(10). Determine z(m).
8
Let w(q) = -3*q**3 + 7*q**2 + 2*q - 6. Let m(x) = 5*x**3 - 13*x**2 - 3*x + 11. Let h(n) = -4*m(n) - 7*w(n). Suppose 4*r + 0 + 12 = 0. Determine h(r).
4
Let p be (-3 + (-7 - -2))/(-2). Let b(m) be the first derivative of -2*m + 3 + 1/4*m**p + m**2 - 4/3*m**3. Give b(4).
6
Let s(b) = -2*b**2. Let g(a) = 5*a**2 - 10*a + 4. Let h(o) = g(o) + 3*s(o). Give h(-11).
-7
Let l = 61 + -57. Let w(c) = 90 - 92 - c**2 + 3*c + l*c. What is w(6)?
4
Let v(q) = q**3 - 4*q**2 + 9*q - 8. Let l(r) = -r**3 + 5*r**2 - 8*r + 6. Let d(z) = 3*l(z) + 2*v(z). Calculate d(5).
22
Let b(r) = -2*r**2 - 4*r - 2. Let h be b(-2). Let t = -16 + 18. Let m(p) = 0 - 1 + p - 3 - p**2 + t. Determine m(h).
-8
Let g = -9 + 5. Let n(b) be the third derivative of -1/3*b**3 + 0 - 1/4*b**4 - 1/60*b**5 - 3*b**2 + 0*b. Give n(g).
6
Let s(q) be the third derivative of q**4/8 - q**3/2 - 31*q**2. Let h be 1/(-2) - 36/8. Calculate s(h).
-18
Let v(p) be the second derivative of p**4/12 - 5*p**3/3 - 19*p**2/2 + 18*p. Give v(12).
5
Let g be (3 + 3)*(-10 - -11). Suppose -3*r - y + 13 = r, -y - 3 = -4*r. Let m(s) = -r + 2 + 5*s - 4*s. Give m(g).
6
Let g = 14/125 - -97/250. Let f(n) be the first derivative of -3 + 3*n + g*n**2. Calculate f(-6).
-3
Let v(b) = -4*b - 5*b + 73*b**2 - 74*b**2 - 12 - b. What is v(-8)?
4
Let m(t) = 0*t**3 - 237 + 241 - t + 4*t**3 - 5*t**3 + 2*t + 3*t**2. Let d be 7/1 - 2 - 1. Suppose 0 = d*u - 3 - 13. Give m(u).
-8
Let b be (-2)/3 - 13/39. Let d(q) = -2*q**2 - 2*q + 3*q - 3*q + 3*q. Determine d(b).
-3
Let r(z) = -5*z**2 - 2*z**2 + 45*z + 48*z - 92*z + 4*z**2. Determine r(-3).
-30
Let p(j) = 7*j**3 + 7*j**2 - 3*j + 7. Let f(w) = 10*w**3 + 8*w**2 - 3*w + 8. Let y(g) = 2*f(g) - 3*p(g). Calculate y(-5).
-20
Let u(r) = 2*r - 28. Let d be u(14). Let m(a) be the second derivative of a**4/12 + a**3/6 + 3*a**2/2 + 12*a. What is m(d)?
3
Let p(y) = y**3 + 69*y**2 + 9*y - 5. Let i(h) = h**3 + 59*h**2 + 8*h - 4. Let c(k) = -6*i(k) + 5*p(k). What is c(-8)?
-41
Let w(h) be the second derivative of -h**5/20 - 5*h**4/12 + h**3/2 + h - 17. Determine w(-5).
-15
Let d = -119 - -121. Let q(a) = -3163 + 3162 + 0*a + d*a. Determine q(-2).
-5
Let f(u) be the second derivative of -u**3/6 - 7*u**2 + 4*u. Let z = -44 - -34. Let q be f(z). Let o(y) = y**2 + 4*y - 5. Calculate o(q).
-5
Let x(i) = -4*i**2 + i + 1. Let a be x(-1). Let k(j) = 2*j**2 - 2. Let u be k(-2). Let z(c) = -8 + 3*c + 20 - 2*c - u. Determine z(a).
2
Let l(w) be the first derivative of 19*w**2/2 + 2*w + 5. Calculate l(-2).
-36
Let h(w) = w**3 - 13*w**2 + 8*w - 109. Let g be h(13). Let t be ((-18)/(-8))/((-12)/(-32)). Let c(p) = 0*p + t + 3*p + 0*p. Give c(g).
-9
Let k be -5 + -24 + 0/(-1). Let w = -34 - k. Let y(n) = n**2 + 5*n - 7. Determine y(w).
-7
Let o(g) = 2*g - 4 + 10 + 2 - 3. Determine o(-8).
-11
Let v(j) = 2*j**2 + 14*j + 16. Let w(d) = -d**2 + d + 1. Let o(i) = -v(i) - w(i). Give o(-12).
19
Let c be -10 + (-4 - -7) + 6. Let m(p) = 1 - p - p - 6*p. Let t(z) = 16*z - 2. Let d(j) = -5*m(j) - 2*t(j). Give d(c).
-9
Let q(x) = -10*x**3 + 2*x**2 - 17*x - 1. Let b(v) = -5*v**3 + 2*v**2 - 10*v - 1. Let h(d) = -5*b(d) + 3*q(d). Determine h(-2).
28
Let g(p) = 2*p + 4. Let n be g(-2). Suppose -3*b + 15 = -n*b. Let c be ((-3)/b)/((-6)/30). Let j(h) = -h**3 + 5*h**2 - 5*h + 3. Determine j(c).
6
Let w(d) be the first derivative of -17*d**3/3 - d**2/2 + d + 7. Suppose -6*a = -13 + 7. Give w(a).
-17
Let w(l) be the first derivative of l**6/120 + l**5/20 - l**4/24 - l**3/6 + l**2 + 3. Let n(v) be the second derivative of w(v). What is n(-3)?
2
Let g be 9/((-18)/(-4)) - (1 - 4). Let p(s) = s + 3*s - 1426 - g*s + 1445. Let z be 0 - (0 + 0/(-3)). What is p(z)?
19
Let k(t) = 12*t - 1. Suppose -89 = -3*m - 83. Give k(m).
23
Let w(j) be the third derivative of -j**6/120 - j**5/15 + j**4/6 - 5*j**3/6 - 4*j**2. What is w(-4)?
-21
Suppose -4*o + 16 = 4*o. Let w(y) = y**3 + 16*y**2 - 5 - 4*y**o - 7*y - 8*y**2. Let u be (2 + -2 - 5)*1. What is w(u)?
5
Let n(x) be the first derivative of -x**4/4 + 4*x**3/3 - x**2 - 2*x - 4. Suppose 25 = 11*c - 8. Calculate n(c).
1
Let s(o) = -4*o**2 + 11*o - 20. Let v(j) = -j**2 + 4*j - 7. Suppose -2*z - 34 = -0*z. Let x(h) = z*v(h) + 6*s(h). Let g = 2 + -3. Calculate x(g).
-6
Let p(x) = 7*x**2. Suppose 5 = 3*h - 10. Suppose -h*n + 3*w - 12 = -2, -n + 26 = 5*w. Suppose -z = -n - 0. Determine p(z).
7
Let c(k) = 3*k**3 - 25*k**2 - 6. Let i(l) = l**3 - 13*l**2 - 3. Let t(q) = 2*c(q) - 5*i(q). Calculate t(-15).
3
Let g(o) = 8*o**2 + 7*o - 10. Let z(m) = m**2 + m - 1. Suppose -3*b + 14 = -2*f + 7*f, -5*b = 5*f - 10. Let v(a) = b*g(a) + 18*z(a). Give v(-2).
2
Let r(q) be the second derivative of -q**3/2 + 7*q**2/2 + 16*q. Let f be r(4). Let c(z) = -z**3 - 4*z**2 + 3*z - 5. Calculate c(f).
5
Let o be 2/5 + 54/(-10). Suppose 0 = 3*g - 9, 5*w - 2*g + 4*g - 161 = 0. Let c(